base 4?
212220
Convert a38 (base 16) to base 8.
5070
What is 974 (base 10) in base 3?
1100002
What is 928 (base 16) in base 10?
2344
11102 (base 5) to base 15
36c
Convert -2b3 (base 16) to base 8.
-1263
Convert -3435 (base 6) to base 15.
-395
Convert 1233131 (base 4) to base 5.
212013
Convert 4533 (base 16) to base 3.
220022010
What is -1211010112 (base 3) in base 2?
-1000101111101000
1012220 (base 3) to base 4
31320
Convert -106216 (base 9) to base 16.
-f870
Convert 1056 (base 10) to base 16.
420
What is -2bed (base 16) in base 8?
-25755
What is -608 (base 11) in base 13?
-446
What is -72 (base 13) in base 5?
-333
53035 (base 6) to base 7
26564
What is 13262 (base 9) in base 11?
6811
Convert 42204 (base 5) to base 8.
5364
Convert 732 (base 10) to base 9.
1003
Convert 19a (base 14) to base 13.
1c7
-122220100 (base 3) to base 4
-3023322
Convert 135 (base 10) to base 7.
252
Convert 3bb (base 12) to base 11.
483
-15aa (base 14) to base 3
-12022111
What is 1110100011 (base 2) in base 4?
32203
-20896 (base 10) to base 6
-240424
10333 (base 5) to base 9
877
Convert -522 (base 8) to base 5.
-2323
22c9 (base 13) to base 10
4897
Convert 6056 (base 8) to base 6.
22234
What is -228d (base 15) in base 13?
-3451
Convert -1223 (base 12) to base 13.
-c12
-aa14 (base 15) to base 14
-d1ab
Convert -1430 (base 5) to base 14.
-132
Convert 5312 (base 6) to base 9.
1568
What is 3302 (base 5) in base 3?
121202
-1111120022 (base 3) to base 16
-7385
Convert 253 (base 8) to base 11.
146
Convert -2159 (base 10) to base 9.
-2858
b187 (base 15) to base 12
19831
-110010100100 (base 2) to base 11
-2482
a79 (base 16) to base 11
2018
3849 (base 14) to base 15
2dca
What is -2b8 (base 15) in base 11?
-517
Convert -354 (base 13) to base 11.
-484
What is -15848 (base 11) in base 5?
-1203231
What is -797 (base 14) in base 4?
-113201
Convert -277 (base 14) to base 4.
-13301
What is -1951 (base 11) in base 10?
-2476
Convert -10100011 (base 2) to base 12.
-117
What is -562 (base 9) in base 16?
-1cd
-2796 (base 12) to base 7
-16230
Convert -15551 (base 8) to base 4.
-1231221
What is -879 (base 12) in base 9?
-1633
-5652 (base 7) to base 11
-15a0
What is 25567 (base 11) in base 15?
acb0
-1610 (base 8) to base 3
-1020111
100101000101 (base 2) to base 9
3226
What is 101010111 (base 2) in base 3?
110201
Convert -121 (base 14) to base 10.
-225
Convert 263 (base 8) to base 9.
218
What is -11011001011000 (base 2) in base 10?
-13912
What is -34053 (base 6) in base 4?
-1022301
What is -1214 (base 5) in base 4?
-2320
What is 24 (base 10) in base 4?
120
-1857 (base 14) to base 3
-20000120
Convert -32c (base 15) to base 11.
-5a2
What is -1301 (base 8) in base 11?
-591
What is 31302 (base 4) in base 16?
372
Convert 36ba2 (base 12) to base 14.
1d0dc
What is 545 (base 7) in base 15?
138
-1100001011000 (base 2) to base 16
-1858
What is 2ad (base 16) in base 2?
1010101101
Convert 20460 (base 10) to base 13.
940b
-1010001 (base 2) to base 3
-10000
What is -1133044 (base 5) in base 8?
-51040
7273 (base 10) to base 15
224d
Convert 18a0 (base 11) to base 5.
34114
200131 (base 4) to base 15
937
-1011100011000000 (base 2) to base 16
-b8c0
What is 21054 (base 7) in base 5?
131214
What is -7454 (base 12) in base 10?
-12736
-4065 (base 7) to base 6
-10323
101200212 (base 3) to base 10
7799
32201 (base 4) to base 15
41e
What is 215 (base 7) in base 14?
7c
Convert ab (base 14) to base 10.
151
Convert -2022110101 (base 3) to base 5.
-2424112
What is 122 (base 14) in base 9?
271
What is -23124 (base 5) in base 4?
-122000
Convert 171 (base 16) to base 3.
111200
-1100110111110111 (base 2) to base 10
-52727
-4306 (base 9) to base 15
-e10
What is 1436 (base 8) in base 2?
1100011110
What is 1589 (base 14) in base 8?
7405
50 (base 7) to base 9
38
2300 (base 8) to base 3
1200001
What is 12ee (base 15) in base 5?
112144
-122013 (base 4) to base 2
-11010000111
-10b7 (base 14) to base 10
-2905
Convert 65560 (base 9) to base 16.
a9ce
1334 (base 7) to base 13
308
What is 6c39 (base 13) in base 7?
62325
What is 255 (base 7) in base 12?
b6
-1003 (base 6) to base 3
-22010
Convert -7254 (base 12) to base 10.
-12448
What is -4271 (base 9) in base 13?
-1579
What is -29b (base 14) in base 11?
-441
What is -72 (base 14) in base 6?
-244
Convert 409 (base 10) to base 13.
256
-101111000000 (base 2) to base 6
-21532
8cc (base 14) to base 11
134a
110201 (base 7) to base 4
10231223
Convert 92d (base 14) to base 13.
a8b
What is 996d (base 16) in base 14?
10457
974f (base 16) to base 15
b725
What is 330 (base 12) in base 8?
724
What is 1001011 (base 4) in base 11?
3147
Convert -20022112 (base 3) to base 16.
-11fc
11391 (base 11) to base 6
204031
Convert a00 (base 11) to base 3.
1122211
Convert -120202 (base 3) to base 12.
-2b5
Convert 71 (base 14) to base 7.
201
-1011112 (base 3) to base 16
-353
Convert -834 (base 9) to base 5.
-10204
-908 (base 15) to base 2
-11111110001
Convert 5714 (base 15) to base 10.
18469
What is -1001110001111010 (base 2) in base 8?
-116172
What is 13230 (base 8) in base 13?
282c
What is -3601 (base 7) in base 13?
-7ab
298 (base 16) to base 3
220121
What is 3400043 (base 5) in base 2?
1110100000000110
-238 (base 11) to base 13
-18a
-121022002 (base 3) to base 4
-2321222
Convert -32 (base 16) to base 14.
-38
What is 731 (base 9) in base 16?
253
What is -231161 (base 7) in base 9?
-62525
Convert -10100001010010 (base 2) to base 14.
-3a94
What is -1301032 (base 4) in base 14?
-28d8
Convert -129 (base 12) to base 2.
-10110001
What is 42585 (base 9) in base 11?
1a1a2
-83c8 (base 14) to base 16
-58bc
Convert -1938 (base 11) to base 5.
-34321
What is -1132 (base 5) in base 16?
-a7
What is 141421 (base 5) in base 13?
288b
What is 13021 (base 10) in base 13?
5c08
Convert -447 (base 12) to base 14.
-331
Convert -2884 (base 10) to base 9.
-3854
-1182 (base 10) to base 3
-1121210
What is -1bc93 (base 13) in base 9?
-83243
What is -2333 (base 6) in base 8?
-1061
-34aa (base 13) to base 14
-29b1
Convert 4400 (base 6) to base 2.
1111110000
Convert 120003 (base 5) to base 14.
184a
What is -793 (base 10) in base 16?
-319
What is 1000131 (base 5) in base 9?
23436
What is 56 (base 14) in base 13?
5b
Convert 1121210220 (base 3) to base 2.
111110011000010
Convert 533 (base 11) to base 9.
782
Convert -1001101111000 (base 2) to base 16.
-1378
Convert 22133 (base 4) to base 8.
1237
What is 2201101 (base 3) in base 12?
1191
Convert 120 (base 7) to base 8.
77
-1808 (base 15) to base 4
-1100333
Convert 13586 (base 13) to base 15.
aa72
What is 794 (base 15) in base 6?
11534
-101010100 (base 2) to base 7
-664
Convert 3366 (base 10) to base 8.
6446
-10301 (base 5) to base 3
-221222
What is 1046 (base 14) in base 7?
11116
What is -706 (base 13) in base 11?
-991
What is -327 (base 14) in base 6?
-2515
Convert -114 (base 7) to base 2.
-111100
121211101 (base 3) to base 13
5779
Convert -2400142 (base 5) to base 9.
-66063
Convert -e3e (base 16) to base 7.
-13426
Convert -3364 (base 7) to base 3.
-1200021
Convert 110100010010 (base 2) to base 12.
1b2a
What is -607 (base 12) in base 14?
-463
-10934 (base 12) to base 5
-1201242
Convert 763 (base 14) to base 13.
883
-3564 (base 9) to base 14
-d74
-21243 (base 5) to base 16
-5a8
Convert 41420 (base 7) to base 8.
23655
957 (base 10) to base 3
1022110
Convert -42001 (base 8) to base 2.
-100010000000001
Convert -262 (base 12) to base 4.
-11222
What is -1110010010100101 (base 2) in base 13?
-20847
-110243 (base 8) to base 4
-21002203
What is 9b4 (base 13) in base 6?
11420
-997 (base 14) to base 8
-3551
What is -309 (base 12) in base 6?
-2013
Convert -1068 (base 9) to base 3.
-1002022
Convert -ff (base 16) to base 12.
-193
What is 200505 (base 7) in base 8?
102110
Convert 36362 (base 7) to base 6.
111432
Convert -5c9a (base 14) to base 11.
-111a5
What is 78 (base 13) in base 3?
10200
-44702 (base 9) to base 4
-13100201
Convert b27 (base 16) to base 15.
ca5
What is -10a3a (base 11) in base 4?
-3320112
180 (base 14) to base 11
260
What is 6129 (base 10) in base 14?
233b
224a (base 13) to base 4
1022322
Convert 391 (base 15) to base 12.
577
1005 (base 8) to base 16
205
-5711 (base 8) to base 11
-22a3
What is 82a0 (base 12) in base 3?
201112010
Convert 32323 (base 4) to base 9.
1271
What is -399 (base 14) in b